s of i?
2, 5, 11
Let j(z) = 279*z + 2. List the prime factors of j(6).
2, 419
Let w be 21 - ((-16)/4 - -4). Suppose -2*v - 4*z + 265 + w = 0, 617 = 4*v - z. Let g = 270 - v. What are the prime factors of g?
3, 13
List the prime factors of 301542/14 + 114/399.
7, 17, 181
Let a(w) = -w**3 - 11*w**2 + 2*w - 4. Let i be a(-8). Let n = 434 + i. Suppose -8*p = -6*p - n. List the prime factors of p.
3, 37
Let t(k) = -k**3 - 7*k**2 + 4*k + 40. Let u be t(-7). Suppose 11*y = -u*y + 3703. List the prime factors of y.
7, 23
Suppose -686537 = -19*d - 251152. What are the prime factors of d?
5, 4583
Suppose -13*v = -2697 - 982. Let w = v + 1199. List the prime factors of w.
2, 3, 13, 19
Let b(j) be the first derivative of j**4/12 - j**3/3 + 25*j**2/2 + 9*j - 1. Let x(y) be the first derivative of b(y). What are the prime factors of x(0)?
5
Let t = 53 + -36. Suppose 7*n + t = -81. Let u = -10 - n. What are the prime factors of u?
2
Suppose 8*j = 3*j - 3*z + 6760, -2*j + 2718 = 4*z. List the prime factors of j.
19, 71
Suppose s = 4*v + 1530, -10*s + 6*s + 2*v + 6092 = 0. Suppose 0 = -4*q + s - 94. What are the prime factors of q?
3, 7, 17
Suppose -110*q = -568044 - 524310 - 559956. What are the prime factors of q?
3, 1669
Suppose 3*w - 3*y = -7196 + 27407, 0 = -2*w + 5*y + 13462. What are the prime factors of w?
3, 7, 107
Let f be (-6)/(-18)*6 - (0 - 2). Suppose 4*b - 8*b + 371 = 5*t, -4*b + f*t = -380. List the prime factors of b.
2, 47
Let z = 170 + -169. What are the prime factors of (-343 + 56)*(2/(-7))/z?
2, 41
Let u(j) = -j**3 + 9*j + 7. Let q be u(-3). Suppose -1598 = -q*p + 4646. List the prime factors of p.
2, 223
Suppose 5*b + 2*v = 127, 3*v + 147 = 5*b - 0*v. Suppose 12*m - 150 = 42. List the prime factors of (-8)/m - b/(-2).
13
Let u(d) = d**2 + 13*d - 191. Let f be u(52). Suppose -f = -21*q + 8592. What are the prime factors of q?
3, 11, 17
Suppose 2748 = 47*u - 35*u. Let m = u - -504. List the prime factors of m.
733
Suppose -3*z = 5*h - 22, 2*h = -0*h + z. Suppose -2*c = -h*l - l + 1265, 1 = -c. List the prime factors of l.
421
Suppose -13*x + 5*x = -56. List the prime factors of (-57)/((-6 - 1)/x).
3, 19
Let p = -156 - -160. Suppose -1783 - 673 = -p*b. List the prime factors of b.
2, 307
Let k(n) = 45*n - 32. Suppose 0 = 4*s - 3 - 73. What are the prime factors of k(s)?
823
Let f = -2774 + 4289. Suppose 2*s + 4*l - 1110 = 0, -5*s + 2*l + f = -1284. What are the prime factors of s?
13, 43
Suppose -9333*r + 9346*r - 68068 = 0. List the prime factors of r.
2, 7, 11, 17
Let h(u) = -333*u + 655. What are the prime factors of h(-25)?
2, 5, 449
Let d(q) = 66*q + 19*q + 41 - 144. List the prime factors of d(7).
2, 3, 41
Suppose -3*m - 9 = 3*k, 3*m + 5 = -2*k - 1. Let q be -4 - (-9 + m - -1). Suppose 0 = 3*z - r - 187 - 181, -464 = -q*z - 4*r. List the prime factors of z.
11
Let g(h) = -372*h + 4. What are the prime factors of g(-8)?
2, 5, 149
Let q = 22178 - -3240. What are the prime factors of q?
2, 71, 179
Let c = -157 - -152. Let m(u) = 17*u**2 + 16*u + 46. What are the prime factors of m(c)?
17, 23
Let m = -165 + 161. Let n(r) = 29*r**2 - 7*r - 15. List the prime factors of n(m).
3, 53
Let p = 78 + -74. Suppose 0 = -m - 3*s + 51, -p*m - s = -81 - 145. Suppose -7*z + 1063 + m = 0. List the prime factors of z.
2, 5
Let z be (-179)/(-4) - (-12)/48. Let k = 41 - z. Let c(r) = -3*r - 1. List the prime factors of c(k).
11
Let k be 2/(-8)*-4 + 3. Suppose 0 = b + 3, -q - k*q + 1996 = 3*b. List the prime factors of q.
401
Suppose 13*t + 23 - 101 = 0. Suppose 20 = 2*s - t*s, -5*w + 1895 = -2*s. What are the prime factors of w?
13, 29
Let v(d) = 3*d**3 + d**2 + 2*d. Let x be v(-1). Let y = x - -352. What are the prime factors of y?
2, 3, 29
Suppose 3*x - k = 11068, 39*k - 18447 = -5*x + 41*k. What are the prime factors of x?
7, 17, 31
Let s be (-3762)/63 - (-2 + 16/7). Let i = 57 + s. Let j(k) = -80*k - 21. List the prime factors of j(i).
3, 73
Suppose 1007 = 4*z + 2451. Let k = -207 - z. What are the prime factors of k?
2, 7, 11
Suppose 3*i + 3*k + 28 = 4*i, -5*k + 20 = 0. Let m = i - 41. Let o(j) = -65*j + 5. List the prime factors of o(m).
2, 5, 7
Let k be (-1 + 4)*-1 - 21/56*8. Let g(w) = 5 + w**3 + 3*w + 4*w + 9*w**2 + 3. What are the prime factors of g(k)?
2, 37
Let g = -155 - -82. Let x = 163 + g. What are the prime factors of -14 + 18 + x/1?
2, 47
Let a(g) = 583*g**3 + g + 2. List the prime factors of a(3).
2, 7873
Suppose -p = 2*n - 21683, -86700 = -4*p - 134*n + 130*n. List the prime factors of p.
47, 461
Let w be ((-18)/4)/(171/18 - 9). List the prime factors of (-3 - 30/w)*606.
2, 101
Suppose -13732 = -2*f + 4*m, 34270 = -0*f + 5*f + 5*m. What are the prime factors of f?
2, 3, 127
Let s be 710/25 + 3*2/(-15). Suppose -64 = -h + 5*z, -z + s = h - 54. What are the prime factors of h?
79
Let c be ((3 - 2) + -50)*20/4. Let d = c - -433. Let i = d + -101. List the prime factors of i.
3, 29
Suppose 3*j - 2*h = 4*j + 28, 26 = -2*j + 2*h. Let g be (-68)/j - 4 - (-146)/9. Let a = g - 10. What are the prime factors of a?
2, 3
Let r(o) = o**3 + 6*o**2 + 4*o + 11. Let k be r(-6). Let q(b) = 3*b**2 + 14*b + 119. List the prime factors of q(k).
2, 3, 37
Let o(h) = -22*h - 66. Let u be o(-3). Suppose -5*n = -u*r + 3*r - 719, 717 = 3*r + 3*n. What are the prime factors of r?
2, 7, 17
Let t = -7087 - -46570. What are the prime factors of t?
3, 41, 107
Let b be (-36)/8*2/(-3). Suppose 0 = -p + b*p + 4, -2 = -2*d + 4*p. List the prime factors of (77/4)/(((-3)/4)/d).
7, 11
Let n(z) = -z**2 + 7*z - 1. Let k = 31 + -25. Let y be n(k). Suppose -204 = -4*b - 3*m - 67, 3*b - y*m - 110 = 0. What are the prime factors of b?
5, 7
Let v(h) = -84*h**3 + h**2 + 9*h + 18. Suppose -7*f - 7 = 7. List the prime factors of v(f).
2, 13
Suppose 14*z - 9*z = 170. Let w = z + -29. Suppose -v - 2*v - w*a + 484 = 0, -2*v + a + 301 = 0. List the prime factors of v.
3, 17
What are the prime factors of -197*(4/(-7) + 5590/(-91))?
2, 31, 197
Let n(p) = 6*p + 3. Suppose 6*h + 14 = 13*h. Suppose -18 = -h*o - 4. List the prime factors of n(o).
3, 5
Suppose 35*l + 3*l - 11438 = 0. Let y = 97 + l. What are the prime factors of y?
2, 199
Suppose 18*f = 17*f + 29. Let g(c) = -c**2 + 39*c - 106. What are the prime factors of g(f)?
2, 23
Let o = -14829 - -72606. List the prime factors of o.
3, 19259
Let u = 83 + -31. Suppose -57*q + u*q = -75. List the prime factors of (q - 1)/2 - -1.
2
Suppose 0 = -7*d - 13 - 15. Let i be (-5 + 3)*2/d + -15. Let k = 23 + i. What are the prime factors of k?
3
Suppose 220 = 29*k - 9*k. Suppose 0 = -k*w + 35*w - 5832. List the prime factors of w.
3
Let q = 57 - 61. List the prime factors of q*(-6)/72*3513.
1171
Suppose 23*p - 39 + 244 = 64*p. Suppose 2578 = 5*m - 2*a, 2*m - a - 1048 = 4*a. Suppose -m - 146 = -p*x. What are the prime factors of x?
2, 3, 11
Let j(n) = -3*n**2 + 2*n - 1. Let z be j(2). Let m(x) = -x + 2*x - 2 - 397*x**2 + 398*x**2 + 4. What are the prime factors of m(z)?
2, 37
Let f(g) = -13*g**2 + 4*g - 5. Let i be f(4). Let u = i - -387. List the prime factors of u.
2, 5, 19
Let q(p) = -55*p + 127. Let d = 667 - 680. What are the prime factors of q(d)?
2, 421
Let y(u) = 40*u + 16. Let w be -15*4/(-3 - (-1 - -3)). What are the prime factors of y(w)?
2, 31
Let f(l) = l**3 + 25*l**2 + 30*l + 48. Let j be f(-24). Let s = j + 98. Suppose 0 = -s*q + 445 - 69. What are the prime factors of q?
2, 47
List the prime factors of -2 + (10 + 7590 - 17).
3, 7, 19
Let n be (5 + 5)*((-81)/6 - 1). Let g = n + 64. Let q = -77 - g. What are the prime factors of q?
2
Suppose 0*p - 4*u = 3*p + 221, 4*p + 288 = -4*u. Let x = p - -143. Let b = x + 13. List the prime factors of b.
89
Let y be (-7)/42*1*-2*81. Let n(c) = 15*c + 27. What are the prime factors of n(y)?
2, 3
Let m(h) = -143*h**3 + 4*h**2 - 37*h - 186. What are the prime factors of m(-6)?
2, 3, 863
Let a be (-6)/(-3) + -4 - -3 - -58. Let i = a + 91. Suppose i = -4*n + 506. What are the prime factors of n?
89
Suppose -6*b - 11162 = 1444. Let m = b + 3090. List the prime factors of m.
23, 43
Suppose 10*b - 24889 = -2*b + 139679. What are the prime factors of b?
2, 6857
Let d be (-4)/2 + -6*4. Let j = d + 28. Suppose 11*r - 15 = -4*g + 6*r, -j*r + 10 = 2*g. What are the prime factors of g?
2, 5
Let a(b) = b**3 - 